{"id":15807,"date":"2020-08-14T16:45:10","date_gmt":"2020-08-14T14:45:10","guid":{"rendered":"https:\/\/w-realestate.swiss\/immobilien\/709077fr-w-all-about-la-mola\/"},"modified":"2026-04-29T07:43:07","modified_gmt":"2026-04-29T05:43:07","slug":"709077fr-w-all-about-la-mola","status":"publish","type":"casawp_property","link":"https:\/\/w-realestate.swiss\/fr\/immobilien\/709077fr-w-all-about-la-mola\/","title":{"rendered":"W-ALL ABOUT LA MOLA"},"content":{"rendered":"<h2>ALL ABOUT LA MOLA<\/h2>\n<p>Diese Immobilie mit uneingeschr\u00e4nktem, fantastischem Meerblick wird zur Zeit in Port Andratx gebaut. F\u00fcnf Schlafzimmer und ein grossz\u00fcgiger Wohn- und Essbereich sind geplant.<\/p>\n","protected":false},"excerpt":{"rendered":"<p>ALL ABOUT LA MOLA<\/p>\n","protected":false},"author":0,"featured_media":15808,"parent":0,"menu_order":52,"comment_status":"closed","ping_status":"closed","template":"","meta":{"_acf_changed":false,"inline_featured_image":false,"footnotes":""},"casawp_category":[31,61,60],"casawp_feature":[],"casawp_utility":[58,18,62],"casawp_location":[63,66],"casawp_salestype":[19],"casawp_availability":[28],"casawp_region":[],"class_list":["post-15807","casawp_property","type-casawp_property","status-publish","has-post-thumbnail","hentry","casawp_category-house","casawp_category-plot","casawp_category-villa","casawp_utility-building","casawp_utility-residential","casawp_utility-vacation","casawp_location-country_es","casawp_location-locality_port-andratx","casawp_salestype-buy","casawp_availability-taken"],"acf":[],"yoast_head":"<!-- This site is optimized with the Yoast SEO plugin v26.6 - https:\/\/yoast.com\/wordpress\/plugins\/seo\/ -->\n<title>W-ALL ABOUT LA MOLA - W Real Estate GmbH<\/title>\n<meta name=\"robots\" content=\"index, follow, max-snippet:-1, max-image-preview:large, max-video-preview:-1\" \/>\n<link rel=\"canonical\" href=\"https:\/\/w-realestate.swiss\/fr\/immobilien\/709077fr-w-all-about-la-mola\/\" \/>\n<meta property=\"og:locale\" content=\"fr_FR\" \/>\n<meta property=\"og:type\" content=\"article\" \/>\n<meta property=\"og:title\" content=\"W-ALL ABOUT LA MOLA - W Real Estate GmbH\" \/>\n<meta property=\"og:description\" content=\"ALL ABOUT LA MOLA\" \/>\n<meta property=\"og:url\" content=\"https:\/\/w-realestate.swiss\/fr\/immobilien\/709077fr-w-all-about-la-mola\/\" \/>\n<meta property=\"og:site_name\" content=\"W Real Estate GmbH\" \/>\n<meta property=\"article:modified_time\" content=\"2026-04-29T05:43:07+00:00\" \/>\n<meta name=\"twitter:card\" content=\"summary_large_image\" \/>\n<script type=\"application\/ld+json\" class=\"yoast-schema-graph\">{\"@context\":\"https:\/\/schema.org\",\"@graph\":[{\"@type\":\"WebPage\",\"@id\":\"https:\/\/w-realestate.swiss\/fr\/immobilien\/709077fr-w-all-about-la-mola\/\",\"url\":\"https:\/\/w-realestate.swiss\/fr\/immobilien\/709077fr-w-all-about-la-mola\/\",\"name\":\"W-ALL ABOUT LA MOLA - W Real Estate GmbH\",\"isPartOf\":{\"@id\":\"https:\/\/w-realestate.swiss\/fr\/#website\"},\"primaryImageOfPage\":{\"@id\":\"https:\/\/w-realestate.swiss\/fr\/immobilien\/709077fr-w-all-about-la-mola\/#primaryimage\"},\"image\":{\"@id\":\"https:\/\/w-realestate.swiss\/fr\/immobilien\/709077fr-w-all-about-la-mola\/#primaryimage\"},\"thumbnailUrl\":\"https:\/\/cdn.casasoft.com\/media\/provider-11850\/property-708540\/107b0475f898dff63798e51e7924ed22.jpg?p=xl\",\"datePublished\":\"2020-08-14T14:45:10+00:00\",\"dateModified\":\"2026-04-29T05:43:07+00:00\",\"breadcrumb\":{\"@id\":\"https:\/\/w-realestate.swiss\/fr\/immobilien\/709077fr-w-all-about-la-mola\/#breadcrumb\"},\"inLanguage\":\"fr-FR\",\"potentialAction\":[{\"@type\":\"ReadAction\",\"target\":[\"https:\/\/w-realestate.swiss\/fr\/immobilien\/709077fr-w-all-about-la-mola\/\"]}]},{\"@type\":\"ImageObject\",\"inLanguage\":\"fr-FR\",\"@id\":\"https:\/\/w-realestate.swiss\/fr\/immobilien\/709077fr-w-all-about-la-mola\/#primaryimage\",\"url\":\"https:\/\/cdn.casasoft.com\/media\/provider-11850\/property-708540\/107b0475f898dff63798e51e7924ed22.jpg?p=xl\",\"contentUrl\":\"https:\/\/cdn.casasoft.com\/media\/provider-11850\/property-708540\/107b0475f898dff63798e51e7924ed22.jpg?p=xl\"},{\"@type\":\"BreadcrumbList\",\"@id\":\"https:\/\/w-realestate.swiss\/fr\/immobilien\/709077fr-w-all-about-la-mola\/#breadcrumb\",\"itemListElement\":[{\"@type\":\"ListItem\",\"position\":1,\"name\":\"Startseite\",\"item\":\"https:\/\/w-realestate.swiss\/fr\/\"},{\"@type\":\"ListItem\",\"position\":2,\"name\":\"Propri\u00e9t\u00e9s\",\"item\":\"https:\/\/w-realestate.swiss\/fr\/immobilien\/\"},{\"@type\":\"ListItem\",\"position\":3,\"name\":\"W-ALL ABOUT LA MOLA\"}]},{\"@type\":\"WebSite\",\"@id\":\"https:\/\/w-realestate.swiss\/fr\/#website\",\"url\":\"https:\/\/w-realestate.swiss\/fr\/\",\"name\":\"W Real Estate\",\"description\":\"\",\"publisher\":{\"@id\":\"https:\/\/w-realestate.swiss\/fr\/#organization\"},\"potentialAction\":[{\"@type\":\"SearchAction\",\"target\":{\"@type\":\"EntryPoint\",\"urlTemplate\":\"https:\/\/w-realestate.swiss\/fr\/?s={search_term_string}\"},\"query-input\":{\"@type\":\"PropertyValueSpecification\",\"valueRequired\":true,\"valueName\":\"search_term_string\"}}],\"inLanguage\":\"fr-FR\"},{\"@type\":\"Organization\",\"@id\":\"https:\/\/w-realestate.swiss\/fr\/#organization\",\"name\":\"W Real Estate\",\"url\":\"https:\/\/w-realestate.swiss\/fr\/\",\"logo\":{\"@type\":\"ImageObject\",\"inLanguage\":\"fr-FR\",\"@id\":\"https:\/\/w-realestate.swiss\/fr\/#\/schema\/logo\/image\/\",\"url\":\"https:\/\/w-realestate.swiss\/wp-content\/uploads\/sites\/247\/2021\/03\/LOGO_W-REALESATE_Companie.svg\",\"contentUrl\":\"https:\/\/w-realestate.swiss\/wp-content\/uploads\/sites\/247\/2021\/03\/LOGO_W-REALESATE_Companie.svg\",\"caption\":\"W Real Estate\"},\"image\":{\"@id\":\"https:\/\/w-realestate.swiss\/fr\/#\/schema\/logo\/image\/\"}}]}<\/script>\n<!-- \/ Yoast SEO plugin. -->","yoast_head_json":{"title":"W-ALL ABOUT LA MOLA - W Real Estate GmbH","robots":{"index":"index","follow":"follow","max-snippet":"max-snippet:-1","max-image-preview":"max-image-preview:large","max-video-preview":"max-video-preview:-1"},"canonical":"https:\/\/w-realestate.swiss\/fr\/immobilien\/709077fr-w-all-about-la-mola\/","og_locale":"fr_FR","og_type":"article","og_title":"W-ALL ABOUT LA MOLA - W Real Estate GmbH","og_description":"ALL ABOUT LA MOLA","og_url":"https:\/\/w-realestate.swiss\/fr\/immobilien\/709077fr-w-all-about-la-mola\/","og_site_name":"W Real Estate GmbH","article_modified_time":"2026-04-29T05:43:07+00:00","twitter_card":"summary_large_image","schema":{"@context":"https:\/\/schema.org","@graph":[{"@type":"WebPage","@id":"https:\/\/w-realestate.swiss\/fr\/immobilien\/709077fr-w-all-about-la-mola\/","url":"https:\/\/w-realestate.swiss\/fr\/immobilien\/709077fr-w-all-about-la-mola\/","name":"W-ALL ABOUT LA MOLA - W Real Estate GmbH","isPartOf":{"@id":"https:\/\/w-realestate.swiss\/fr\/#website"},"primaryImageOfPage":{"@id":"https:\/\/w-realestate.swiss\/fr\/immobilien\/709077fr-w-all-about-la-mola\/#primaryimage"},"image":{"@id":"https:\/\/w-realestate.swiss\/fr\/immobilien\/709077fr-w-all-about-la-mola\/#primaryimage"},"thumbnailUrl":"https:\/\/cdn.casasoft.com\/media\/provider-11850\/property-708540\/107b0475f898dff63798e51e7924ed22.jpg?p=xl","datePublished":"2020-08-14T14:45:10+00:00","dateModified":"2026-04-29T05:43:07+00:00","breadcrumb":{"@id":"https:\/\/w-realestate.swiss\/fr\/immobilien\/709077fr-w-all-about-la-mola\/#breadcrumb"},"inLanguage":"fr-FR","potentialAction":[{"@type":"ReadAction","target":["https:\/\/w-realestate.swiss\/fr\/immobilien\/709077fr-w-all-about-la-mola\/"]}]},{"@type":"ImageObject","inLanguage":"fr-FR","@id":"https:\/\/w-realestate.swiss\/fr\/immobilien\/709077fr-w-all-about-la-mola\/#primaryimage","url":"https:\/\/cdn.casasoft.com\/media\/provider-11850\/property-708540\/107b0475f898dff63798e51e7924ed22.jpg?p=xl","contentUrl":"https:\/\/cdn.casasoft.com\/media\/provider-11850\/property-708540\/107b0475f898dff63798e51e7924ed22.jpg?p=xl"},{"@type":"BreadcrumbList","@id":"https:\/\/w-realestate.swiss\/fr\/immobilien\/709077fr-w-all-about-la-mola\/#breadcrumb","itemListElement":[{"@type":"ListItem","position":1,"name":"Startseite","item":"https:\/\/w-realestate.swiss\/fr\/"},{"@type":"ListItem","position":2,"name":"Propri\u00e9t\u00e9s","item":"https:\/\/w-realestate.swiss\/fr\/immobilien\/"},{"@type":"ListItem","position":3,"name":"W-ALL ABOUT LA MOLA"}]},{"@type":"WebSite","@id":"https:\/\/w-realestate.swiss\/fr\/#website","url":"https:\/\/w-realestate.swiss\/fr\/","name":"W Real Estate","description":"","publisher":{"@id":"https:\/\/w-realestate.swiss\/fr\/#organization"},"potentialAction":[{"@type":"SearchAction","target":{"@type":"EntryPoint","urlTemplate":"https:\/\/w-realestate.swiss\/fr\/?s={search_term_string}"},"query-input":{"@type":"PropertyValueSpecification","valueRequired":true,"valueName":"search_term_string"}}],"inLanguage":"fr-FR"},{"@type":"Organization","@id":"https:\/\/w-realestate.swiss\/fr\/#organization","name":"W Real Estate","url":"https:\/\/w-realestate.swiss\/fr\/","logo":{"@type":"ImageObject","inLanguage":"fr-FR","@id":"https:\/\/w-realestate.swiss\/fr\/#\/schema\/logo\/image\/","url":"https:\/\/w-realestate.swiss\/wp-content\/uploads\/sites\/247\/2021\/03\/LOGO_W-REALESATE_Companie.svg","contentUrl":"https:\/\/w-realestate.swiss\/wp-content\/uploads\/sites\/247\/2021\/03\/LOGO_W-REALESATE_Companie.svg","caption":"W Real Estate"},"image":{"@id":"https:\/\/w-realestate.swiss\/fr\/#\/schema\/logo\/image\/"}}]}},"_links":{"self":[{"href":"https:\/\/w-realestate.swiss\/fr\/wp-json\/wp\/v2\/casawp_property\/15807","targetHints":{"allow":["GET"]}}],"collection":[{"href":"https:\/\/w-realestate.swiss\/fr\/wp-json\/wp\/v2\/casawp_property"}],"about":[{"href":"https:\/\/w-realestate.swiss\/fr\/wp-json\/wp\/v2\/types\/casawp_property"}],"replies":[{"embeddable":true,"href":"https:\/\/w-realestate.swiss\/fr\/wp-json\/wp\/v2\/comments?post=15807"}],"version-history":[{"count":0,"href":"https:\/\/w-realestate.swiss\/fr\/wp-json\/wp\/v2\/casawp_property\/15807\/revisions"}],"wp:featuredmedia":[{"embeddable":true,"href":"https:\/\/w-realestate.swiss\/fr\/wp-json\/wp\/v2\/media\/15808"}],"wp:attachment":[{"href":"https:\/\/w-realestate.swiss\/fr\/wp-json\/wp\/v2\/media?parent=15807"}],"wp:term":[{"taxonomy":"casawp_category","embeddable":true,"href":"https:\/\/w-realestate.swiss\/fr\/wp-json\/wp\/v2\/casawp_category?post=15807"},{"taxonomy":"casawp_feature","embeddable":true,"href":"https:\/\/w-realestate.swiss\/fr\/wp-json\/wp\/v2\/casawp_feature?post=15807"},{"taxonomy":"casawp_utility","embeddable":true,"href":"https:\/\/w-realestate.swiss\/fr\/wp-json\/wp\/v2\/casawp_utility?post=15807"},{"taxonomy":"casawp_location","embeddable":true,"href":"https:\/\/w-realestate.swiss\/fr\/wp-json\/wp\/v2\/casawp_location?post=15807"},{"taxonomy":"casawp_salestype","embeddable":true,"href":"https:\/\/w-realestate.swiss\/fr\/wp-json\/wp\/v2\/casawp_salestype?post=15807"},{"taxonomy":"casawp_availability","embeddable":true,"href":"https:\/\/w-realestate.swiss\/fr\/wp-json\/wp\/v2\/casawp_availability?post=15807"},{"taxonomy":"casawp_region","embeddable":true,"href":"https:\/\/w-realestate.swiss\/fr\/wp-json\/wp\/v2\/casawp_region?post=15807"}],"curies":[{"name":"wp","href":"https:\/\/api.w.org\/{rel}","templated":true}]}}

<h2>ALL ABOUT LA MOLA</h2>
<p>Diese Immobilie mit uneingeschränktem, fantastischem Meerblick wird zur Zeit in Port Andratx gebaut. Fünf Schlafzimmer und ein grosszügiger Wohn- und Essbereich sind geplant.</p>

<!-- This site is optimized with the Yoast SEO plugin v26.6 - https://yoast.com/wordpress/plugins/seo/ -->
<title>W-ALL ABOUT LA MOLA - W Real Estate GmbH</title>
<meta name="robots" content="index, follow, max-snippet:-1, max-image-preview:large, max-video-preview:-1" />
<link rel="canonical" href="https://w-realestate.swiss/fr/immobilien/709077fr-w-all-about-la-mola/" />
<meta property="og:locale" content="fr_FR" />
<meta property="og:type" content="article" />
<meta property="og:title" content="W-ALL ABOUT LA MOLA - W Real Estate GmbH" />
<meta property="og:description" content="ALL ABOUT LA MOLA" />
<meta property="og:url" content="https://w-realestate.swiss/fr/immobilien/709077fr-w-all-about-la-mola/" />
<meta property="og:site_name" content="W Real Estate GmbH" />
<meta property="article:modified_time" content="2026-04-29T05:43:07+00:00" />
<meta name="twitter:card" content="summary_large_image" />
<script type="application/ld+json" class="yoast-schema-graph">{"@context":"https://schema.org","@graph":[{"@type":"WebPage","@id":"https://w-realestate.swiss/fr/immobilien/709077fr-w-all-about-la-mola/","url":"https://w-realestate.swiss/fr/immobilien/709077fr-w-all-about-la-mola/","name":"W-ALL ABOUT LA MOLA - W Real Estate GmbH","isPartOf":{"@id":"https://w-realestate.swiss/fr/#website"},"primaryImageOfPage":{"@id":"https://w-realestate.swiss/fr/immobilien/709077fr-w-all-about-la-mola/#primaryimage"},"image":{"@id":"https://w-realestate.swiss/fr/immobilien/709077fr-w-all-about-la-mola/#primaryimage"},"thumbnailUrl":"https://cdn.casasoft.com/media/provider-11850/property-708540/107b0475f898dff63798e51e7924ed22.jpg?p=xl","datePublished":"2020-08-14T14:45:10+00:00","dateModified":"2026-04-29T05:43:07+00:00","breadcrumb":{"@id":"https://w-realestate.swiss/fr/immobilien/709077fr-w-all-about-la-mola/#breadcrumb"},"inLanguage":"fr-FR","potentialAction":[{"@type":"ReadAction","target":["https://w-realestate.swiss/fr/immobilien/709077fr-w-all-about-la-mola/"]}]},{"@type":"ImageObject","inLanguage":"fr-FR","@id":"https://w-realestate.swiss/fr/immobilien/709077fr-w-all-about-la-mola/#primaryimage","url":"https://cdn.casasoft.com/media/provider-11850/property-708540/107b0475f898dff63798e51e7924ed22.jpg?p=xl","contentUrl":"https://cdn.casasoft.com/media/provider-11850/property-708540/107b0475f898dff63798e51e7924ed22.jpg?p=xl"},{"@type":"BreadcrumbList","@id":"https://w-realestate.swiss/fr/immobilien/709077fr-w-all-about-la-mola/#breadcrumb","itemListElement":[{"@type":"ListItem","position":1,"name":"Startseite","item":"https://w-realestate.swiss/fr/"},{"@type":"ListItem","position":2,"name":"Propriétés","item":"https://w-realestate.swiss/fr/immobilien/"},{"@type":"ListItem","position":3,"name":"W-ALL ABOUT LA MOLA"}]},{"@type":"WebSite","@id":"https://w-realestate.swiss/fr/#website","url":"https://w-realestate.swiss/fr/","name":"W Real Estate","description":"","publisher":{"@id":"https://w-realestate.swiss/fr/#organization"},"potentialAction":[{"@type":"SearchAction","target":{"@type":"EntryPoint","urlTemplate":"https://w-realestate.swiss/fr/?s={search_term_string}"},"query-input":{"@type":"PropertyValueSpecification","valueRequired":true,"valueName":"search_term_string"}}],"inLanguage":"fr-FR"},{"@type":"Organization","@id":"https://w-realestate.swiss/fr/#organization","name":"W Real Estate","url":"https://w-realestate.swiss/fr/","logo":{"@type":"ImageObject","inLanguage":"fr-FR","@id":"https://w-realestate.swiss/fr/#/schema/logo/image/","url":"https://w-realestate.swiss/wp-content/uploads/sites/247/2021/03/LOGO_W-REALESATE_Companie.svg","contentUrl":"https://w-realestate.swiss/wp-content/uploads/sites/247/2021/03/LOGO_W-REALESATE_Companie.svg","caption":"W Real Estate"},"image":{"@id":"https://w-realestate.swiss/fr/#/schema/logo/image/"}}]}</script>
<!-- / Yoast SEO plugin. -->

Propriétés
